{"id":208,"date":"2019-08-05T12:18:12","date_gmt":"2019-08-05T10:18:12","guid":{"rendered":"http:\/\/alfa-tronik.pl\/?page_id=208"},"modified":"2021-10-07T12:31:14","modified_gmt":"2021-10-07T10:31:14","slug":"monitoring","status":"publish","type":"page","link":"http:\/\/alfa-tronik.pl\/index.php\/monitoring\/","title":{"rendered":"Monitoring"},"content":{"rendered":"\t\t<div data-elementor-type=\"wp-post\" data-elementor-id=\"208\" class=\"elementor elementor-208\">\n\t\t\t\t\t\t<div class=\"elementor-inner\">\n\t\t\t\t<div class=\"elementor-section-wrap\">\n\t\t\t\t\t\t\t\t\t<section class=\"elementor-section elementor-top-section elementor-element elementor-element-e1bb8a0 elementor-section-boxed elementor-section-height-default elementor-section-height-default\" data-id=\"e1bb8a0\" data-element_type=\"section\">\n\t\t\t\t\t\t<div class=\"elementor-container elementor-column-gap-default\">\n\t\t\t\t\t\t\t<div class=\"elementor-row\">\n\t\t\t\t\t<div class=\"elementor-column elementor-col-100 elementor-top-column elementor-element elementor-element-c8d1e77\" data-id=\"c8d1e77\" data-element_type=\"column\">\n\t\t\t<div class=\"elementor-column-wrap elementor-element-populated\">\n\t\t\t\t\t\t\t<div class=\"elementor-widget-wrap\">\n\t\t\t\t\t\t<div class=\"elementor-element elementor-element-ff956fa elementor-widget elementor-widget-heading\" data-id=\"ff956fa\" data-element_type=\"widget\" data-widget_type=\"heading.default\">\n\t\t\t\t<div class=\"elementor-widget-container\">\n\t\t\t<h2 class=\"elementor-heading-title elementor-size-default\">Monta\u017c monitoringu<\/h2>\t\t<\/div>\n\t\t\t\t<\/div>\n\t\t\t\t\t\t<\/div>\n\t\t\t\t\t<\/div>\n\t\t<\/div>\n\t\t\t\t\t\t\t\t<\/div>\n\t\t\t\t\t<\/div>\n\t\t<\/section>\n\t\t\t\t<section class=\"elementor-section elementor-top-section elementor-element elementor-element-c139102 elementor-section-boxed elementor-section-height-default elementor-section-height-default\" data-id=\"c139102\" data-element_type=\"section\">\n\t\t\t\t\t\t<div class=\"elementor-container elementor-column-gap-default\">\n\t\t\t\t\t\t\t<div class=\"elementor-row\">\n\t\t\t\t\t<div class=\"elementor-column elementor-col-100 elementor-top-column elementor-element elementor-element-4868bb4\" data-id=\"4868bb4\" data-element_type=\"column\">\n\t\t\t<div class=\"elementor-column-wrap elementor-element-populated\">\n\t\t\t\t\t\t\t<div class=\"elementor-widget-wrap\">\n\t\t\t\t\t\t<div class=\"elementor-element elementor-element-b522c67 elementor-widget-divider--view-line elementor-widget elementor-widget-divider\" data-id=\"b522c67\" data-element_type=\"widget\" data-widget_type=\"divider.default\">\n\t\t\t\t<div class=\"elementor-widget-container\">\n\t\t\t\t\t<div class=\"elementor-divider\">\n\t\t\t<span class=\"elementor-divider-separator\">\n\t\t\t\t\t\t<\/span>\n\t\t<\/div>\n\t\t\t\t<\/div>\n\t\t\t\t<\/div>\n\t\t\t\t\t\t<\/div>\n\t\t\t\t\t<\/div>\n\t\t<\/div>\n\t\t\t\t\t\t\t\t<\/div>\n\t\t\t\t\t<\/div>\n\t\t<\/section>\n\t\t\t\t<section class=\"elementor-section elementor-top-section elementor-element elementor-element-51a2819 elementor-section-boxed elementor-section-height-default elementor-section-height-default\" data-id=\"51a2819\" data-element_type=\"section\">\n\t\t\t\t\t\t<div class=\"elementor-container elementor-column-gap-default\">\n\t\t\t\t\t\t\t<div class=\"elementor-row\">\n\t\t\t\t\t<div class=\"elementor-column elementor-col-100 elementor-top-column elementor-element elementor-element-74b7b21\" data-id=\"74b7b21\" data-element_type=\"column\">\n\t\t\t<div class=\"elementor-column-wrap elementor-element-populated\">\n\t\t\t\t\t\t\t<div class=\"elementor-widget-wrap\">\n\t\t\t\t\t\t<section class=\"elementor-section elementor-inner-section elementor-element elementor-element-0023944 elementor-section-boxed elementor-section-height-default elementor-section-height-default\" data-id=\"0023944\" data-element_type=\"section\">\n\t\t\t\t\t\t<div class=\"elementor-container elementor-column-gap-default\">\n\t\t\t\t\t\t\t<div class=\"elementor-row\">\n\t\t\t\t\t<div class=\"elementor-column elementor-col-50 elementor-inner-column elementor-element elementor-element-f46e86b\" data-id=\"f46e86b\" data-element_type=\"column\">\n\t\t\t<div class=\"elementor-column-wrap elementor-element-populated\">\n\t\t\t\t\t\t\t<div class=\"elementor-widget-wrap\">\n\t\t\t\t\t\t<div class=\"elementor-element elementor-element-138b175 elementor-widget elementor-widget-text-editor\" data-id=\"138b175\" data-element_type=\"widget\" data-widget_type=\"text-editor.default\">\n\t\t\t\t<div class=\"elementor-widget-container\">\n\t\t\t\t\t\t\t\t<div class=\"elementor-text-editor elementor-clearfix\">\n\t\t\t\t<p><span style=\"color: #333333; font-family: Roboto, sans-serif; font-size: 14px;\">Profesjonalne systemy monitoringu idealnie sprawdzaj\u0105 si\u0119 zar\u00f3wno w firmach, jak i na prywatnych posesjach. Znacznie podnosz\u0105 bezpiecze\u0144stwo oraz umo\u017cliwiaj\u0105 pe\u0142n\u0105 i ca\u0142odobow\u0105 kontrol\u0119.\u00a0<\/span><span style=\"color: #333333; font-family: Ubuntu, Arial; font-size: 13px; background-color: transparent;\">Oferujemy profesjonalny monta\u017c i serwis monitoringu przemys\u0142owego w oparciu o najnowsze technologie cyfrowe (monitoring IP) jak i analogowe (monitoring CCTV)<\/span><\/p>\t\t\t\t\t<\/div>\n\t\t\t\t\t\t<\/div>\n\t\t\t\t<\/div>\n\t\t\t\t<div class=\"elementor-element elementor-element-73e68ab elementor-icon-list--layout-traditional elementor-list-item-link-full_width elementor-widget elementor-widget-icon-list\" data-id=\"73e68ab\" data-element_type=\"widget\" data-widget_type=\"icon-list.default\">\n\t\t\t\t<div class=\"elementor-widget-container\">\n\t\t\t\t\t<ul class=\"elementor-icon-list-items\">\n\t\t\t\t\t\t\t<li class=\"elementor-icon-list-item\">\n\t\t\t\t\t\t\t\t\t\t\t<span class=\"elementor-icon-list-icon\">\n\t\t\t\t\t\t\t<i aria-hidden=\"true\" class=\"fas fa-check\"><\/i>\t\t\t\t\t\t<\/span>\n\t\t\t\t\t\t\t\t\t\t<span class=\"elementor-icon-list-text\">Monta\u017c kamer IP<\/span>\n\t\t\t\t\t\t\t\t\t<\/li>\n\t\t\t\t\t\t\t\t<li class=\"elementor-icon-list-item\">\n\t\t\t\t\t\t\t\t\t\t\t<span class=\"elementor-icon-list-icon\">\n\t\t\t\t\t\t\t<i aria-hidden=\"true\" class=\"fas fa-check\"><\/i>\t\t\t\t\t\t<\/span>\n\t\t\t\t\t\t\t\t\t\t<span class=\"elementor-icon-list-text\">Monta\u017c kamer przemys\u0142owych<\/span>\n\t\t\t\t\t\t\t\t\t<\/li>\n\t\t\t\t\t\t\t\t<li class=\"elementor-icon-list-item\">\n\t\t\t\t\t\t\t\t\t\t\t<span class=\"elementor-icon-list-icon\">\n\t\t\t\t\t\t\t<i aria-hidden=\"true\" class=\"fas fa-check\"><\/i>\t\t\t\t\t\t<\/span>\n\t\t\t\t\t\t\t\t\t\t<span class=\"elementor-icon-list-text\">Instalacja monitoringu zdalnego on-line<\/span>\n\t\t\t\t\t\t\t\t\t<\/li>\n\t\t\t\t\t\t\t\t<li class=\"elementor-icon-list-item\">\n\t\t\t\t\t\t\t\t\t\t\t<span class=\"elementor-icon-list-icon\">\n\t\t\t\t\t\t\t<i aria-hidden=\"true\" class=\"fas fa-check\"><\/i>\t\t\t\t\t\t<\/span>\n\t\t\t\t\t\t\t\t\t\t<span class=\"elementor-icon-list-text\">Doradztwo<\/span>\n\t\t\t\t\t\t\t\t\t<\/li>\n\t\t\t\t\t\t<\/ul>\n\t\t\t\t<\/div>\n\t\t\t\t<\/div>\n\t\t\t\t\t\t<\/div>\n\t\t\t\t\t<\/div>\n\t\t<\/div>\n\t\t\t\t<div class=\"elementor-column elementor-col-50 elementor-inner-column elementor-element elementor-element-292d14e\" data-id=\"292d14e\" data-element_type=\"column\">\n\t\t\t<div class=\"elementor-column-wrap elementor-element-populated\">\n\t\t\t\t\t\t\t<div class=\"elementor-widget-wrap\">\n\t\t\t\t\t\t<div class=\"elementor-element elementor-element-cfdf133 elementor-widget elementor-widget-image\" data-id=\"cfdf133\" data-element_type=\"widget\" data-widget_type=\"image.default\">\n\t\t\t\t<div class=\"elementor-widget-container\">\n\t\t\t\t\t\t\t\t<div class=\"elementor-image\">\n\t\t\t\t\t\t\t\t\t\t\t\t<img width=\"1024\" height=\"604\" src=\"http:\/\/alfa-tronik.pl\/wp-content\/uploads\/2019\/08\/video-camera-3121655_1920-1024x604.png\" class=\"attachment-large size-large\" alt=\"\" loading=\"lazy\" srcset=\"http:\/\/alfa-tronik.pl\/wp-content\/uploads\/2019\/08\/video-camera-3121655_1920-1024x604.png 1024w, http:\/\/alfa-tronik.pl\/wp-content\/uploads\/2019\/08\/video-camera-3121655_1920-300x177.png 300w, http:\/\/alfa-tronik.pl\/wp-content\/uploads\/2019\/08\/video-camera-3121655_1920-768x453.png 768w, http:\/\/alfa-tronik.pl\/wp-content\/uploads\/2019\/08\/video-camera-3121655_1920-830x490.png 830w, http:\/\/alfa-tronik.pl\/wp-content\/uploads\/2019\/08\/video-camera-3121655_1920-230x136.png 230w, http:\/\/alfa-tronik.pl\/wp-content\/uploads\/2019\/08\/video-camera-3121655_1920-350x206.png 350w, http:\/\/alfa-tronik.pl\/wp-content\/uploads\/2019\/08\/video-camera-3121655_1920-480x283.png 480w, http:\/\/alfa-tronik.pl\/wp-content\/uploads\/2019\/08\/video-camera-3121655_1920.png 1075w\" sizes=\"(max-width: 1024px) 100vw, 1024px\" \/>\t\t\t\t\t\t\t\t\t\t\t\t\t\t<\/div>\n\t\t\t\t\t\t<\/div>\n\t\t\t\t<\/div>\n\t\t\t\t\t\t<\/div>\n\t\t\t\t\t<\/div>\n\t\t<\/div>\n\t\t\t\t\t\t\t\t<\/div>\n\t\t\t\t\t<\/div>\n\t\t<\/section>\n\t\t\t\t\t\t<\/div>\n\t\t\t\t\t<\/div>\n\t\t<\/div>\n\t\t\t\t\t\t\t\t<\/div>\n\t\t\t\t\t<\/div>\n\t\t<\/section>\n\t\t\t\t\t\t\t\t\t<\/div>\n\t\t\t<\/div>\n\t\t\t\t\t<\/div>\n\t\t","protected":false},"excerpt":{"rendered":"<p>Monta\u017c monitoringu Profesjonalne systemy monitoringu idealnie sprawdzaj\u0105 si\u0119 zar\u00f3wno w firmach, jak i na prywatnych posesjach. Znacznie podnosz\u0105 bezpiecze\u0144stwo oraz umo\u017cliwiaj\u0105 pe\u0142n\u0105 i ca\u0142odobow\u0105 kontrol\u0119.&nbsp;Oferujemy profesjonalny monta\u017c i serwis monitoringu przemys\u0142owego w oparciu o najnowsze technologie cyfrowe (monitoring IP) jak i analogowe (monitoring CCTV) Monta\u017c kamer IP Monta\u017c kamer przemys\u0142owych Instalacja monitoringu zdalnego on-line Doradztwo<\/p>\n","protected":false},"author":1,"featured_media":0,"parent":0,"menu_order":0,"comment_status":"closed","ping_status":"closed","template":"page-templates\/page_front-page.php","meta":[],"yoast_head":"<!-- This site is optimized with the Yoast SEO plugin v17.3 - https:\/\/yoast.com\/wordpress\/plugins\/seo\/ -->\n<title>Alfatronik - Monitoring<\/title>\n<meta name=\"description\" content=\"Wykonujemy monitoring obiekt\u00f3w (kamery hd, ip, przewodowe, bezprzewodowe). Monta\u017c, instalacja, doradztwo.\" \/>\n<meta name=\"robots\" content=\"index, follow, max-snippet:-1, max-image-preview:large, max-video-preview:-1\" \/>\n<link rel=\"canonical\" href=\"http:\/\/alfa-tronik.pl\/index.php\/monitoring\/\" \/>\n<meta property=\"og:locale\" content=\"pl_PL\" \/>\n<meta property=\"og:type\" content=\"article\" \/>\n<meta property=\"og:title\" content=\"Alfatronik - Monitoring\" \/>\n<meta property=\"og:description\" content=\"Wykonujemy monitoring obiekt\u00f3w (kamery hd, ip, przewodowe, bezprzewodowe). Monta\u017c, instalacja, doradztwo.\" \/>\n<meta property=\"og:url\" content=\"http:\/\/alfa-tronik.pl\/index.php\/monitoring\/\" \/>\n<meta property=\"og:site_name\" content=\"Alfatronik\" \/>\n<meta property=\"article:modified_time\" content=\"2021-10-07T10:31:14+00:00\" \/>\n<meta property=\"og:image\" content=\"http:\/\/alfa-tronik.pl\/wp-content\/uploads\/2019\/08\/video-camera-3121655_1920-1024x604.png\" \/>\n<meta name=\"twitter:card\" content=\"summary_large_image\" \/>\n<meta name=\"twitter:label1\" content=\"Szacowany czas czytania\" \/>\n\t<meta name=\"twitter:data1\" content=\"1 minuta\" \/>\n<script type=\"application\/ld+json\" class=\"yoast-schema-graph\">{\"@context\":\"https:\/\/schema.org\",\"@graph\":[{\"@type\":\"WebSite\",\"@id\":\"http:\/\/alfa-tronik.pl\/#website\",\"url\":\"http:\/\/alfa-tronik.pl\/\",\"name\":\"Alfatronik\",\"description\":\"Elektryka - monitoring - alarm\",\"potentialAction\":[{\"@type\":\"SearchAction\",\"target\":{\"@type\":\"EntryPoint\",\"urlTemplate\":\"http:\/\/alfa-tronik.pl\/?s={search_term_string}\"},\"query-input\":\"required name=search_term_string\"}],\"inLanguage\":\"pl-PL\"},{\"@type\":\"ImageObject\",\"@id\":\"http:\/\/alfa-tronik.pl\/index.php\/monitoring\/#primaryimage\",\"inLanguage\":\"pl-PL\",\"url\":\"http:\/\/alfa-tronik.pl\/wp-content\/uploads\/2019\/08\/video-camera-3121655_1920.png\",\"contentUrl\":\"http:\/\/alfa-tronik.pl\/wp-content\/uploads\/2019\/08\/video-camera-3121655_1920.png\",\"width\":1075,\"height\":634},{\"@type\":\"WebPage\",\"@id\":\"http:\/\/alfa-tronik.pl\/index.php\/monitoring\/#webpage\",\"url\":\"http:\/\/alfa-tronik.pl\/index.php\/monitoring\/\",\"name\":\"Alfatronik - Monitoring\",\"isPartOf\":{\"@id\":\"http:\/\/alfa-tronik.pl\/#website\"},\"primaryImageOfPage\":{\"@id\":\"http:\/\/alfa-tronik.pl\/index.php\/monitoring\/#primaryimage\"},\"datePublished\":\"2019-08-05T10:18:12+00:00\",\"dateModified\":\"2021-10-07T10:31:14+00:00\",\"description\":\"Wykonujemy monitoring obiekt\\u00f3w (kamery hd, ip, przewodowe, bezprzewodowe). Monta\\u017c, instalacja, doradztwo.\",\"breadcrumb\":{\"@id\":\"http:\/\/alfa-tronik.pl\/index.php\/monitoring\/#breadcrumb\"},\"inLanguage\":\"pl-PL\",\"potentialAction\":[{\"@type\":\"ReadAction\",\"target\":[\"http:\/\/alfa-tronik.pl\/index.php\/monitoring\/\"]}]},{\"@type\":\"BreadcrumbList\",\"@id\":\"http:\/\/alfa-tronik.pl\/index.php\/monitoring\/#breadcrumb\",\"itemListElement\":[{\"@type\":\"ListItem\",\"position\":1,\"name\":\"Strona g\\u0142\\u00f3wna\",\"item\":\"http:\/\/alfa-tronik.pl\/\"},{\"@type\":\"ListItem\",\"position\":2,\"name\":\"Monitoring\"}]}]}<\/script>\n<!-- \/ Yoast SEO plugin. -->","yoast_head_json":{"title":"Alfatronik - Monitoring","description":"Wykonujemy monitoring obiekt\u00f3w (kamery hd, ip, przewodowe, bezprzewodowe). Monta\u017c, instalacja, doradztwo.","robots":{"index":"index","follow":"follow","max-snippet":"max-snippet:-1","max-image-preview":"max-image-preview:large","max-video-preview":"max-video-preview:-1"},"canonical":"http:\/\/alfa-tronik.pl\/index.php\/monitoring\/","og_locale":"pl_PL","og_type":"article","og_title":"Alfatronik - Monitoring","og_description":"Wykonujemy monitoring obiekt\u00f3w (kamery hd, ip, przewodowe, bezprzewodowe). Monta\u017c, instalacja, doradztwo.","og_url":"http:\/\/alfa-tronik.pl\/index.php\/monitoring\/","og_site_name":"Alfatronik","article_modified_time":"2021-10-07T10:31:14+00:00","og_image":[{"url":"http:\/\/alfa-tronik.pl\/wp-content\/uploads\/2019\/08\/video-camera-3121655_1920-1024x604.png"}],"twitter_card":"summary_large_image","twitter_misc":{"Szacowany czas czytania":"1 minuta"},"schema":{"@context":"https:\/\/schema.org","@graph":[{"@type":"WebSite","@id":"http:\/\/alfa-tronik.pl\/#website","url":"http:\/\/alfa-tronik.pl\/","name":"Alfatronik","description":"Elektryka - monitoring - alarm","potentialAction":[{"@type":"SearchAction","target":{"@type":"EntryPoint","urlTemplate":"http:\/\/alfa-tronik.pl\/?s={search_term_string}"},"query-input":"required name=search_term_string"}],"inLanguage":"pl-PL"},{"@type":"ImageObject","@id":"http:\/\/alfa-tronik.pl\/index.php\/monitoring\/#primaryimage","inLanguage":"pl-PL","url":"http:\/\/alfa-tronik.pl\/wp-content\/uploads\/2019\/08\/video-camera-3121655_1920.png","contentUrl":"http:\/\/alfa-tronik.pl\/wp-content\/uploads\/2019\/08\/video-camera-3121655_1920.png","width":1075,"height":634},{"@type":"WebPage","@id":"http:\/\/alfa-tronik.pl\/index.php\/monitoring\/#webpage","url":"http:\/\/alfa-tronik.pl\/index.php\/monitoring\/","name":"Alfatronik - Monitoring","isPartOf":{"@id":"http:\/\/alfa-tronik.pl\/#website"},"primaryImageOfPage":{"@id":"http:\/\/alfa-tronik.pl\/index.php\/monitoring\/#primaryimage"},"datePublished":"2019-08-05T10:18:12+00:00","dateModified":"2021-10-07T10:31:14+00:00","description":"Wykonujemy monitoring obiekt\u00f3w (kamery hd, ip, przewodowe, bezprzewodowe). Monta\u017c, instalacja, doradztwo.","breadcrumb":{"@id":"http:\/\/alfa-tronik.pl\/index.php\/monitoring\/#breadcrumb"},"inLanguage":"pl-PL","potentialAction":[{"@type":"ReadAction","target":["http:\/\/alfa-tronik.pl\/index.php\/monitoring\/"]}]},{"@type":"BreadcrumbList","@id":"http:\/\/alfa-tronik.pl\/index.php\/monitoring\/#breadcrumb","itemListElement":[{"@type":"ListItem","position":1,"name":"Strona g\u0142\u00f3wna","item":"http:\/\/alfa-tronik.pl\/"},{"@type":"ListItem","position":2,"name":"Monitoring"}]}]}},"_links":{"self":[{"href":"http:\/\/alfa-tronik.pl\/index.php\/wp-json\/wp\/v2\/pages\/208"}],"collection":[{"href":"http:\/\/alfa-tronik.pl\/index.php\/wp-json\/wp\/v2\/pages"}],"about":[{"href":"http:\/\/alfa-tronik.pl\/index.php\/wp-json\/wp\/v2\/types\/page"}],"author":[{"embeddable":true,"href":"http:\/\/alfa-tronik.pl\/index.php\/wp-json\/wp\/v2\/users\/1"}],"replies":[{"embeddable":true,"href":"http:\/\/alfa-tronik.pl\/index.php\/wp-json\/wp\/v2\/comments?post=208"}],"version-history":[{"count":7,"href":"http:\/\/alfa-tronik.pl\/index.php\/wp-json\/wp\/v2\/pages\/208\/revisions"}],"predecessor-version":[{"id":274,"href":"http:\/\/alfa-tronik.pl\/index.php\/wp-json\/wp\/v2\/pages\/208\/revisions\/274"}],"wp:attachment":[{"href":"http:\/\/alfa-tronik.pl\/index.php\/wp-json\/wp\/v2\/media?parent=208"}],"curies":[{"name":"wp","href":"https:\/\/api.w.org\/{rel}","templated":true}]}}